{"id":76,"date":"2014-09-24T19:45:12","date_gmt":"2014-09-24T17:45:12","guid":{"rendered":"http:\/\/ingenufashion.com\/mco\/?page_id=76"},"modified":"2021-11-19T11:27:07","modified_gmt":"2021-11-19T10:27:07","slug":"krakow","status":"publish","type":"page","link":"https:\/\/mcokrakow.pl\/?page_id=76","title":{"rendered":"Krak\u00f3w"},"content":{"rendered":"<p style=\"text-align: center;\"><strong>Marian W\u00f3jcik<\/strong> &#8211; <em>Prezes Zarz\u0105du Ma\u0142opolskiego Cechu Optyk\u00f3w<\/em><\/p>\n<p style=\"text-align: center;\">ul. Karmelicka 68 a<\/p>\n<p style=\"text-align: center;\">31-128 Krak\u00f3w<\/p>\n","protected":false},"excerpt":{"rendered":"<p>Marian W\u00f3jcik &#8211; Prezes Zarz\u0105du Ma\u0142opolskiego Cechu Optyk\u00f3w ul. Karmelicka 68 a 31-128 Krak\u00f3w<\/p>\n","protected":false},"author":1,"featured_media":0,"parent":42,"menu_order":0,"comment_status":"open","ping_status":"open","template":"page-contact.php","meta":{"footnotes":""},"class_list":["post-76","page","type-page","status-publish","hentry"],"_links":{"self":[{"href":"https:\/\/mcokrakow.pl\/index.php?rest_route=\/wp\/v2\/pages\/76","targetHints":{"allow":["GET"]}}],"collection":[{"href":"https:\/\/mcokrakow.pl\/index.php?rest_route=\/wp\/v2\/pages"}],"about":[{"href":"https:\/\/mcokrakow.pl\/index.php?rest_route=\/wp\/v2\/types\/page"}],"author":[{"embeddable":true,"href":"https:\/\/mcokrakow.pl\/index.php?rest_route=\/wp\/v2\/users\/1"}],"replies":[{"embeddable":true,"href":"https:\/\/mcokrakow.pl\/index.php?rest_route=%2Fwp%2Fv2%2Fcomments&post=76"}],"version-history":[{"count":1,"href":"https:\/\/mcokrakow.pl\/index.php?rest_route=\/wp\/v2\/pages\/76\/revisions"}],"predecessor-version":[{"id":4532,"href":"https:\/\/mcokrakow.pl\/index.php?rest_route=\/wp\/v2\/pages\/76\/revisions\/4532"}],"up":[{"embeddable":true,"href":"https:\/\/mcokrakow.pl\/index.php?rest_route=\/wp\/v2\/pages\/42"}],"wp:attachment":[{"href":"https:\/\/mcokrakow.pl\/index.php?rest_route=%2Fwp%2Fv2%2Fmedia&parent=76"}],"curies":[{"name":"wp","href":"https:\/\/api.w.org\/{rel}","templated":true}]}}