{"id":68,"date":"2014-09-24T19:37:10","date_gmt":"2014-09-24T17:37:10","guid":{"rendered":"http:\/\/ingenufashion.com\/mco\/?page_id=68"},"modified":"2014-10-03T16:09:51","modified_gmt":"2014-10-03T14:09:51","slug":"tarnobrzeg","status":"publish","type":"page","link":"https:\/\/mcokrakow.pl\/?page_id=68","title":{"rendered":"Tarnobrzeg"},"content":{"rendered":"<p style=\"text-align: center;\"><strong>Zak\u0142ad Optyczny<\/strong><\/p>\n<p style=\"text-align: center;\"><strong>Jaros\u0142aw Lis<\/strong><\/p>\n<p style=\"text-align: center;\">ul. Wyspia\u0144skiego 1<\/p>\n<p style=\"text-align: center;\">39-400 Tarnobrzeg<\/p>\n<p style=\"text-align: center;\">tel. (15) 823-83-79<\/p>\n","protected":false},"excerpt":{"rendered":"<p>Zak\u0142ad Optyczny Jaros\u0142aw Lis ul. Wyspia\u0144skiego 1 39-400 Tarnobrzeg tel. (15) 823-83-79<\/p>\n","protected":false},"author":1,"featured_media":0,"parent":40,"menu_order":0,"comment_status":"open","ping_status":"closed","template":"page-contact.php","meta":{"footnotes":""},"class_list":["post-68","page","type-page","status-publish","hentry"],"_links":{"self":[{"href":"https:\/\/mcokrakow.pl\/index.php?rest_route=\/wp\/v2\/pages\/68","targetHints":{"allow":["GET"]}}],"collection":[{"href":"https:\/\/mcokrakow.pl\/index.php?rest_route=\/wp\/v2\/pages"}],"about":[{"href":"https:\/\/mcokrakow.pl\/index.php?rest_route=\/wp\/v2\/types\/page"}],"author":[{"embeddable":true,"href":"https:\/\/mcokrakow.pl\/index.php?rest_route=\/wp\/v2\/users\/1"}],"replies":[{"embeddable":true,"href":"https:\/\/mcokrakow.pl\/index.php?rest_route=%2Fwp%2Fv2%2Fcomments&post=68"}],"version-history":[{"count":2,"href":"https:\/\/mcokrakow.pl\/index.php?rest_route=\/wp\/v2\/pages\/68\/revisions"}],"predecessor-version":[{"id":494,"href":"https:\/\/mcokrakow.pl\/index.php?rest_route=\/wp\/v2\/pages\/68\/revisions\/494"}],"up":[{"embeddable":true,"href":"https:\/\/mcokrakow.pl\/index.php?rest_route=\/wp\/v2\/pages\/40"}],"wp:attachment":[{"href":"https:\/\/mcokrakow.pl\/index.php?rest_route=%2Fwp%2Fv2%2Fmedia&parent=68"}],"curies":[{"name":"wp","href":"https:\/\/api.w.org\/{rel}","templated":true}]}}