{"id":418,"date":"2014-10-03T13:51:18","date_gmt":"2014-10-03T11:51:18","guid":{"rendered":"http:\/\/mcokrakow.pl\/?page_id=418"},"modified":"2015-01-15T12:21:04","modified_gmt":"2015-01-15T11:21:04","slug":"nowy-sacz","status":"publish","type":"page","link":"https:\/\/mcokrakow.pl\/?page_id=418","title":{"rendered":"Nowy S\u0105cz"},"content":{"rendered":"<p style=\"text-align: center;\"><strong>Zak\u0142ad Optyczny<\/strong><\/p>\n<p style=\"text-align: center;\"><strong>Agata Jobs &#8211; Repelewicz<br \/>\n<\/strong><\/p>\n<p style=\"text-align: center;\">ul. Jagiello\u0144ska 10<\/p>\n<p style=\"text-align: center;\">33-300 Nowy S\u0105cz<\/p>\n<p style=\"text-align: center;\">tel. (18) 442-36-45<\/p>\n<hr \/>\n<p style=\"text-align: center;\"><strong>Zak\u0142ad Optyczny<\/strong><\/p>\n<p style=\"text-align: center;\"><strong>Agata Jobs-Repelewicz<\/strong><\/p>\n<p style=\"text-align: center;\">Rynek 3 \/ Waz\u00f3w 4<\/p>\n<p style=\"text-align: center;\">33-300 Nowy S\u0105cz<\/p>\n<p style=\"text-align: center;\">tel. (18) 443-63-34<\/p>\n<hr \/>\n<p style=\"text-align: center;\"><strong>Mieczys\u0142aw Walczyk<\/strong><\/p>\n<p style=\"text-align: center;\">Rynek 12<\/p>\n<p style=\"text-align: center;\">33-300 Nowy S\u0105cz<\/p>\n<p style=\"text-align: center;\">tel. (18) 442-32-34<\/p>\n<hr \/>\n<p style=\"text-align: center;\"><strong>Zak\u0142ad Optyczny<\/strong><\/p>\n<p style=\"text-align: center;\"><strong>Anna Jobs<\/strong><\/p>\n<p style=\"text-align: center;\">ul. Nawojowska 1<\/p>\n<p style=\"text-align: center;\">33-300 Nowy S\u0105cz<\/p>\n<p style=\"text-align: center;\">tel. (18) 449-51-23<\/p>\n<hr \/>\n","protected":false},"excerpt":{"rendered":"<p>Zak\u0142ad Optyczny Agata Jobs &#8211; Repelewicz ul. Jagiello\u0144ska 10 33-300 Nowy S\u0105cz tel. (18) 442-36-45 Zak\u0142ad Optyczny Agata Jobs-Repelewicz Rynek 3 \/ Waz\u00f3w 4 33-300 Nowy S\u0105cz tel. (18) 443-63-34 Mieczys\u0142aw Walczyk Rynek 12 33-300 Nowy S\u0105cz tel. (18) 442-32-34 &hellip; <a href=\"https:\/\/mcokrakow.pl\/?page_id=418\">Continued<\/a><\/p>\n","protected":false},"author":1,"featured_media":0,"parent":40,"menu_order":0,"comment_status":"open","ping_status":"open","template":"","meta":{"footnotes":""},"class_list":["post-418","page","type-page","status-publish","hentry"],"_links":{"self":[{"href":"https:\/\/mcokrakow.pl\/index.php?rest_route=\/wp\/v2\/pages\/418","targetHints":{"allow":["GET"]}}],"collection":[{"href":"https:\/\/mcokrakow.pl\/index.php?rest_route=\/wp\/v2\/pages"}],"about":[{"href":"https:\/\/mcokrakow.pl\/index.php?rest_route=\/wp\/v2\/types\/page"}],"author":[{"embeddable":true,"href":"https:\/\/mcokrakow.pl\/index.php?rest_route=\/wp\/v2\/users\/1"}],"replies":[{"embeddable":true,"href":"https:\/\/mcokrakow.pl\/index.php?rest_route=%2Fwp%2Fv2%2Fcomments&post=418"}],"version-history":[{"count":5,"href":"https:\/\/mcokrakow.pl\/index.php?rest_route=\/wp\/v2\/pages\/418\/revisions"}],"predecessor-version":[{"id":941,"href":"https:\/\/mcokrakow.pl\/index.php?rest_route=\/wp\/v2\/pages\/418\/revisions\/941"}],"up":[{"embeddable":true,"href":"https:\/\/mcokrakow.pl\/index.php?rest_route=\/wp\/v2\/pages\/40"}],"wp:attachment":[{"href":"https:\/\/mcokrakow.pl\/index.php?rest_route=%2Fwp%2Fv2%2Fmedia&parent=418"}],"curies":[{"name":"wp","href":"https:\/\/api.w.org\/{rel}","templated":true}]}}